{"id":21217,"date":"2022-01-04T10:42:52","date_gmt":"2022-01-04T10:42:52","guid":{"rendered":"https:\/\/clasicasantiagodelteide.com\/2021\/?page_id=21217"},"modified":"2022-01-04T13:19:42","modified_gmt":"2022-01-04T13:19:42","slug":"clasica-santiago-del-teide-galeria-de-fotos","status":"publish","type":"page","link":"https:\/\/clasicasantiagodelteide.com\/2021\/?page_id=21217","title":{"rendered":"Cl\u00e1sica Santiago del Teide &#8211; Galer\u00eda de Fotos"},"content":{"rendered":"<p>[vc_row][vc_column][dfd_spacer screen_wide_spacer_size=\u00bb80&#8243; screen_normal_resolution=\u00bb1280&#8243; screen_tablet_resolution=\u00bb1024&#8243; screen_mobile_resolution=\u00bb800&#8243; screen_wide_resolution=\u00bb1280&#8243; screen_normal_spacer_size=\u00bb60&#8243; screen_tablet_spacer_size=\u00bb40&#8243; screen_mobile_spacer_size=\u00bb30&#8243;][vc_row_inner][vc_column_inner][dfd_single_image hover_style=\u00bbdfd-image-scale\u00bb image=\u00bb21074&#8243;][\/vc_column_inner][\/vc_row_inner][dfd_spacer screen_wide_spacer_size=\u00bb50&#8243; screen_normal_resolution=\u00bb1280&#8243; screen_tablet_resolution=\u00bb1024&#8243; screen_mobile_resolution=\u00bb800&#8243; screen_wide_resolution=\u00bb1280&#8243; screen_normal_spacer_size=\u00bb40&#8243; screen_tablet_spacer_size=\u00bb0&#8243; screen_mobile_spacer_size=\u00bb0&#8243;][\/vc_column][\/vc_row][vc_row][vc_column][dfd_spacer screen_wide_spacer_size=\u00bb100&#8243; screen_normal_resolution=\u00bb1280&#8243; screen_tablet_resolution=\u00bb1024&#8243; screen_mobile_resolution=\u00bb800&#8243; screen_wide_resolution=\u00bb1280&#8243; screen_normal_spacer_size=\u00bb40&#8243; screen_tablet_spacer_size=\u00bb40&#8243; screen_mobile_spacer_size=\u00bb40&#8243;][\/vc_column][\/vc_row][vc_row css=\u00bb.vc_custom_1637085359054{background-color: #000000 !important;}\u00bb][vc_column dfd_column_responsive_enable=\u00bbdfd-column-responsive-enable\u00bb col_shadow=\u00bbbox_shadow_enable:disable|shadow_horizontal:0|shadow_vertical:15|shadow_blur:50|shadow_spread:0|box_shadow_color:rgba(0%2C0%2C0%2C0.35)\u00bb col_shadow_hover=\u00bbbox_shadow_enable:disable|shadow_horizontal:0|shadow_vertical:15|shadow_blur:50|shadow_spread:0|box_shadow_color:rgba(0%2C0%2C0%2C0.35)\u00bb responsive_styles=\u00bbpadding_left_desktop:20|padding_right_desktop:20|padding_left_tablet:20|padding_right_tablet:20|padding_left_mobile:20|padding_right_mobile:20&#8243;][dfd_spacer screen_wide_spacer_size=\u00bb100&#8243; screen_normal_resolution=\u00bb1280&#8243; screen_tablet_resolution=\u00bb1024&#8243; screen_mobile_resolution=\u00bb800&#8243; screen_wide_resolution=\u00bb1280&#8243; screen_normal_spacer_size=\u00bb80&#8243; screen_tablet_spacer_size=\u00bb70&#8243; screen_mobile_spacer_size=\u00bb60&#8243;][dfd_heading style=\u00bbstyle_02&#8243; subtitle=\u00bbAs\u00ed lo capt\u00f3 el objetivo de Acoid\u00e1n (ART MOTORSPORT)\u00bb module_animation=\u00bbtransition.expandIn\u00bb enable_delimiter=\u00bb\u00bb undefined=\u00bb\u00bb title_font_options=\u00bbtag:h2|font_size:37|color:%23ffffff|line_height:44|letter_spacing:-1.5&#8243; subtitle_font_options=\u00bbtag:h6|font_size:12|color:%23ffffff\u00bb subheading_margin=\u00bbmargin-bottom:10&#8243; title_responsive=\u00bbfont_size_desktop:34|line_height_desktop:40|font_size_tablet:30|line_height_tablet:36|font_size_mobile:24|line_height_mobile:32&#8243; subtitle_responsive=\u00bbfont_size_tablet:11|font_size_mobile:10&#8243; title_google_fonts=\u00bbyes\u00bb title_custom_fonts=\u00bbfont_family:Merriweather%3A300%2C300italic%2Cregular%2Citalic%2C700%2C700italic%2C900%2C900italic|font_style:700%20bold%20regular%3A700%3Anormal\u00bb tutorials=\u00bb\u00bb]GALER\u00cdA FOTOGR\u00c1FICA I EDICI\u00d3N &#8211; 2021[\/dfd_heading][dfd_spacer screen_wide_spacer_size=\u00bb40&#8243; screen_normal_resolution=\u00bb1280&#8243; screen_tablet_resolution=\u00bb1024&#8243; screen_mobile_resolution=\u00bb800&#8243; screen_wide_resolution=\u00bb1280&#8243; screen_normal_spacer_size=\u00bb35&#8243; screen_tablet_spacer_size=\u00bb30&#8243; screen_mobile_spacer_size=\u00bb25&#8243;][\/vc_column][\/vc_row][vc_row][vc_column][dfd_spacer screen_wide_spacer_size=\u00bb50&#8243; screen_normal_resolution=\u00bb1024&#8243; screen_tablet_resolution=\u00bb800&#8243; screen_mobile_resolution=\u00bb480&#8243;][dfd_simple_image_gallery dfd_layer_image=\u00bb21219,21220,21221,21222,21223,21224,21225,21227,21228,21229,21230,21231,21232,21233,21234,21235,21236,21237,21238,21239,21240,21241,21242,21243,21244,21245,21246,21247,21248,21249,21250,21251,21252,21253,21254,21255,21256,21257,21258,21259,21260,21261,21262,21263,21264,21265,21266,21267,21268,21269,21270,21271,21272,21273,21274,21275,21276,21277,21278,21279,21280,21281,21282,21283,21284,21285,21286,21287,21288,21289,21290,21291,21292,21293,21294,21295,21296,21297,21298,21299,21300,21301,21302,21303,21304,21305,21306,21307,21308,21309,21310&#8243; items_offset=\u00bb0&#8243; image_width=\u00bb900&#8243; isotope_columns=\u00bb3&#8243; images_style=\u00bbmasonry\u00bb][\/vc_column][\/vc_row][vc_row][vc_column][dfd_spacer screen_wide_spacer_size=\u00bb50&#8243; screen_normal_resolution=\u00bb1024&#8243; screen_tablet_resolution=\u00bb800&#8243; screen_mobile_resolution=\u00bb480&#8243;][\/vc_column][\/vc_row][vc_row dfd_row_config=\u00bbfull_width_content\u00bb][vc_column dfd_column_responsive_enable=\u00bbdfd-column-responsive-enable\u00bb css=\u00bb.vc_custom_1482331696489{padding-right: 30px !important;padding-left: 30px !important;}\u00bb col_shadow=\u00bbbox_shadow_enable:disable|shadow_horizontal:0|shadow_vertical:15|shadow_blur:50|shadow_spread:0|box_shadow_color:rgba(0%2C0%2C0%2C0.35)\u00bb col_shadow_hover=\u00bbbox_shadow_enable:disable|shadow_horizontal:0|shadow_vertical:15|shadow_blur:50|shadow_spread:0|box_shadow_color:rgba(0%2C0%2C0%2C0.35)\u00bb responsive_styles=\u00bbpadding_left_mobile:20|padding_right_mobile:20&#8243;][dfd_logo_carousel list_fields=\u00bb%5B%7B%22icon_image_id%22%3A%2221131%22%2C%22link_box%22%3A%22link_b%22%2C%22link%22%3A%22url%3Ahttp%253A%252F%252Fwww.santiagodelteide.org%252F%7Ctarget%3A_blank%22%7D%2C%7B%22icon_image_id%22%3A%2221134%22%2C%22description%22%3A%22Cras%20eros%20justo%2C%20iaculis%20ut%20sapien%20nec%2C%20imperdiet%20vulputate%20erat.%20Ut%20accumsan%20leo%20in%20suscipit%20rutrum.%20Nulla%20ipsum%20ante%2C%20gravida%20eu%20libero%20quis%2C%20fermentum%20laoreet%20diam.%22%2C%22link_box%22%3A%22link_b%22%2C%22link%22%3A%22url%3Ahttps%253A%252F%252Fractenerife.com%252Fclasicatenerife%252F%7Ctarget%3A_blank%22%7D%2C%7B%22icon_image_id%22%3A%2221133%22%2C%22description%22%3A%22Sed%20id%20dui%20felis.%20Sed%20sed%20diam%20vitae%20enim%20pretium%20dapibus.%20Nullam%20a%20dolor%20eu%20mi%20congue%20sollicitudin.%20Suspendisse%20maximus%20blandit%20ipsum%2C%20vel%20lacinia%20odio%20ultrices%20vel.%20%22%2C%22link_box%22%3A%22link_b%22%2C%22link%22%3A%22url%3Ahttps%253A%252F%252Ffiasct.com%252F%7Ctarget%3A_blank%22%7D%2C%7B%22icon_image_id%22%3A%2221136%22%2C%22link_box%22%3A%22link_b%22%2C%22link%22%3A%22url%3Ahttps%253A%252F%252Fwww.tiemposonline.es%7Ctarget%3A_blank%22%7D%2C%7B%22icon_image_id%22%3A%2221135%22%2C%22link_box%22%3A%22link_b%22%2C%22link%22%3A%22url%3Ahttps%253A%252F%252Fclasicatht.com%252F%7Ctarget%3A_blank%22%7D%2C%7B%22icon_image_id%22%3A%2221132%22%7D%5D\u00bb main_style=\u00bbstyle-2&#8243;][\/vc_column][\/vc_row]<\/p>\n","protected":false},"excerpt":{"rendered":"<p>[vc_row][vc_column][dfd_spacer screen_wide_spacer_size=\u00bb80&#8243; screen_normal_resolution=\u00bb1280&#8243; screen_tablet_resolution=\u00bb1024&#8243; screen_mobile_resolution=\u00bb800&#8243; screen_wide_resolution=\u00bb1280&#8243; screen_normal_spacer_size=\u00bb60&#8243; screen_tablet_spacer_size=\u00bb40&#8243; screen_mobile_spacer_size=\u00bb30&#8243;][vc_row_inner][vc_column_inner][dfd_single_image hover_style=\u00bbdfd-image-scale\u00bb image=\u00bb21074&#8243;][\/vc_column_inner][\/vc_row_inner][dfd_spacer screen_wide_spacer_size=\u00bb50&#8243; screen_normal_resolution=\u00bb1280&#8243; screen_tablet_resolution=\u00bb1024&#8243; screen_mobile_resolution=\u00bb800&#8243; screen_wide_resolution=\u00bb1280&#8243; screen_normal_spacer_size=\u00bb40&#8243; screen_tablet_spacer_size=\u00bb0&#8243; screen_mobile_spacer_size=\u00bb0&#8243;][\/vc_column][\/vc_row][vc_row][vc_column][dfd_spacer screen_wide_spacer_size=\u00bb100&#8243; screen_normal_resolution=\u00bb1280&#8243; screen_tablet_resolution=\u00bb1024&#8243; screen_mobile_resolution=\u00bb800&#8243; screen_wide_resolution=\u00bb1280&#8243; screen_normal_spacer_size=\u00bb40&#8243; screen_tablet_spacer_size=\u00bb40&#8243; screen_mobile_spacer_size=\u00bb40&#8243;][\/vc_column][\/vc_row][vc_row css=\u00bb.vc_custom_1637085359054{background-color: #000000 !important;}\u00bb][vc_column<\/p>\n","protected":false},"author":1,"featured_media":0,"parent":0,"menu_order":0,"comment_status":"closed","ping_status":"closed","template":"tmp-page.php","meta":{"footnotes":""},"class_list":["post-21217","page","type-page","status-publish","hentry"],"_links":{"self":[{"href":"https:\/\/clasicasantiagodelteide.com\/2021\/index.php?rest_route=\/wp\/v2\/pages\/21217","targetHints":{"allow":["GET"]}}],"collection":[{"href":"https:\/\/clasicasantiagodelteide.com\/2021\/index.php?rest_route=\/wp\/v2\/pages"}],"about":[{"href":"https:\/\/clasicasantiagodelteide.com\/2021\/index.php?rest_route=\/wp\/v2\/types\/page"}],"author":[{"embeddable":true,"href":"https:\/\/clasicasantiagodelteide.com\/2021\/index.php?rest_route=\/wp\/v2\/users\/1"}],"replies":[{"embeddable":true,"href":"https:\/\/clasicasantiagodelteide.com\/2021\/index.php?rest_route=%2Fwp%2Fv2%2Fcomments&post=21217"}],"version-history":[{"count":3,"href":"https:\/\/clasicasantiagodelteide.com\/2021\/index.php?rest_route=\/wp\/v2\/pages\/21217\/revisions"}],"predecessor-version":[{"id":21315,"href":"https:\/\/clasicasantiagodelteide.com\/2021\/index.php?rest_route=\/wp\/v2\/pages\/21217\/revisions\/21315"}],"wp:attachment":[{"href":"https:\/\/clasicasantiagodelteide.com\/2021\/index.php?rest_route=%2Fwp%2Fv2%2Fmedia&parent=21217"}],"curies":[{"name":"wp","href":"https:\/\/api.w.org\/{rel}","templated":true}]}}